{"id":1694,"date":"2025-11-06T08:19:07","date_gmt":"2025-11-06T08:19:07","guid":{"rendered":"https:\/\/primeconstruction.webwaves.fr\/?post_type=portfolio&#038;p=1694"},"modified":"2025-11-15T15:20:27","modified_gmt":"2025-11-15T15:20:27","slug":"embellissement-de-facade","status":"publish","type":"portfolio","link":"https:\/\/primeconstruction.webwaves.fr\/?portfolio=embellissement-de-facade","title":{"rendered":"Ravalement de fa\u00e7ade"},"content":{"rendered":"\t\t<div data-elementor-type=\"wp-post\" data-elementor-id=\"1694\" class=\"elementor elementor-1694\">\n\t\t\t\t\t\t<section class=\"elementor-section elementor-top-section elementor-element elementor-element-4e190e0 elementor-section-stretched elementor-section-boxed elementor-section-height-default elementor-section-height-default\" data-id=\"4e190e0\" data-element_type=\"section\" data-settings=\"{&quot;stretch_section&quot;:&quot;section-stretched&quot;,&quot;background_background&quot;:&quot;classic&quot;}\">\n\t\t\t\t\t\t<div class=\"elementor-container elementor-column-gap-default\">\n\t\t\t\t\t<div class=\"elementor-column elementor-col-100 elementor-top-column elementor-element elementor-element-0a52458\" data-id=\"0a52458\" data-element_type=\"column\">\n\t\t\t<div class=\"elementor-widget-wrap elementor-element-populated\">\n\t\t\t\t\t\t<div class=\"elementor-element elementor-element-b3002fe elementor-widget elementor-widget-cz_animated_text\" data-id=\"b3002fe\" data-element_type=\"widget\" data-widget_type=\"cz_animated_text.default\">\n\t\t\t\t<div class=\"elementor-widget-container\">\n\t\t\t\t\t\n\t\t<h2 data-time=\"3000\" class=\"cz_headline letters type\">\n\n\t\t\t<span class=\"cz_before_text\">\n\t\t\t\tRavalement\t\n\t\t\t<\/span>\n\n\t\t\t<span class=\"cz_words-wrapper\"> \n\n\t\t\t\t<b class=\"is-visible\">de fa\u00e7ade<\/b>\n\t\t\t<\/span>\n\n\t\t\t<span class=\"cz_after_text\">\n\t\t\t\t\t\t\t<\/span>\n\n\t\t<\/h2>\n\n\t\t\t\t\t\t<\/div>\n\t\t\t\t<\/div>\n\t\t\t\t\t<\/div>\n\t\t<\/div>\n\t\t\t\t\t<\/div>\n\t\t<\/section>\n\t\t\t\t<section class=\"elementor-section elementor-top-section elementor-element elementor-element-dc9fe05 elementor-section-boxed elementor-section-height-default elementor-section-height-default\" data-id=\"dc9fe05\" data-element_type=\"section\">\n\t\t\t\t\t\t<div class=\"elementor-container elementor-column-gap-default\">\n\t\t\t\t\t<div class=\"elementor-column elementor-col-100 elementor-top-column elementor-element elementor-element-1f06050\" data-id=\"1f06050\" data-element_type=\"column\">\n\t\t\t<div class=\"elementor-widget-wrap elementor-element-populated\">\n\t\t\t\t\t\t<div class=\"elementor-element elementor-element-38063df elementor-widget elementor-widget-image\" data-id=\"38063df\" data-element_type=\"widget\" data-widget_type=\"image.default\">\n\t\t\t\t\t\t\t\t\t\t\t\t\t\t\t<img fetchpriority=\"high\" decoding=\"async\" width=\"1024\" height=\"332\" src=\"https:\/\/primeconstruction.webwaves.fr\/wp-content\/uploads\/2025\/11\/Embellissement-de-facade-1-1024x332.webp\" class=\"attachment-large size-large wp-image-1750\" alt=\"\" srcset=\"https:\/\/primeconstruction.webwaves.fr\/wp-content\/uploads\/2025\/11\/Embellissement-de-facade-1-1024x332.webp 1024w, https:\/\/primeconstruction.webwaves.fr\/wp-content\/uploads\/2025\/11\/Embellissement-de-facade-1-300x97.webp 300w, https:\/\/primeconstruction.webwaves.fr\/wp-content\/uploads\/2025\/11\/Embellissement-de-facade-1-768x249.webp 768w, https:\/\/primeconstruction.webwaves.fr\/wp-content\/uploads\/2025\/11\/Embellissement-de-facade-1-1536x498.webp 1536w, https:\/\/primeconstruction.webwaves.fr\/wp-content\/uploads\/2025\/11\/Embellissement-de-facade-1-600x194.webp 600w, https:\/\/primeconstruction.webwaves.fr\/wp-content\/uploads\/2025\/11\/Embellissement-de-facade-1.webp 1919w\" sizes=\"(max-width: 1024px) 100vw, 1024px\" \/>\t\t\t\t\t\t\t\t\t\t\t\t\t\t\t<\/div>\n\t\t\t\t\t<\/div>\n\t\t<\/div>\n\t\t\t\t\t<\/div>\n\t\t<\/section>\n\t\t\t\t<section class=\"elementor-section elementor-top-section elementor-element elementor-element-d8ab957 elementor-section-boxed elementor-section-height-default elementor-section-height-default\" data-id=\"d8ab957\" data-element_type=\"section\">\n\t\t\t\t\t\t<div class=\"elementor-container elementor-column-gap-default\">\n\t\t\t\t\t<div class=\"elementor-column elementor-col-50 elementor-top-column elementor-element elementor-element-d550a0a\" data-id=\"d550a0a\" data-element_type=\"column\">\n\t\t\t<div class=\"elementor-widget-wrap elementor-element-populated\">\n\t\t\t\t\t\t<div class=\"elementor-element elementor-element-50358eb elementor-widget elementor-widget-cz_title\" data-id=\"50358eb\" data-element_type=\"widget\" data-widget_type=\"cz_title.default\">\n\t\t\t\t<div class=\"elementor-widget-container\">\n\t\t\t\t\t\t\n\t\t<div>\n\t\t\t<div class=\"cz_title clr cz_mobile_text_center cz_title_pos_inline\"><div class=\"cz_title_content\"><div class=\"cz_wpe_content\"><p data-start=\"218\" data-end=\"531\">Chez Prime Construction, nous redonnons vie \u00e0 vos fa\u00e7ades gr\u00e2ce \u00e0 des solutions de Ravalement sur mesure, alliant esth\u00e9tique, protection et durabilit\u00e9.\nVotre fa\u00e7ade est le premier reflet de votre b\u00e2timent \u2014 qu\u2019il s\u2019agisse d\u2019une maison, d\u2019une villa ou d\u2019un local professionnel \u2014 c\u2019est pourquoi nous mettons tout notre savoir-faire au service de sa valorisation.<\/p>\nNos \u00e9quipes interviennent sur tous types de surfaces et de mat\u00e9riaux : enduit, pierre, brique, b\u00e9ton, ou encore bardage moderne.\nNous analysons l\u2019\u00e9tat de la fa\u00e7ade, traitons les imperfections et proposons les finitions les plus adapt\u00e9es \u00e0 vos besoins et \u00e0 votre style architectural.\n\nNos prestations comprennent :<\/div><\/div><\/div>\n\t\t<\/div>\n\t\t\n\t\t\t\t\t\t<\/div>\n\t\t\t\t<\/div>\n\t\t\t\t<div class=\"elementor-element elementor-element-98e95e3 elementor-widget elementor-widget-cz_stylish_list\" data-id=\"98e95e3\" data-element_type=\"widget\" data-widget_type=\"cz_stylish_list.default\">\n\t\t\t\t<div class=\"elementor-widget-container\">\n\t\t\t\t\t<ul class=\"cz_stylish_list clr cz_sl_icon_hover_zoom_in\"><li class=\"elementor-repeater-item-891b169 clr\"><a href=\"#\"><div class=\"cz_sl_icon\"><i class=\"mr10 fa czico-193-checked\"><\/i><\/div><div><span>Nettoyage et Pr\u00e9paration des Surfaces<\/span><\/div><\/a><\/li><\/ul>\t\t\t\t<\/div>\n\t\t\t\t<\/div>\n\t\t\t\t<div class=\"elementor-element elementor-element-c6e9e21 elementor-widget elementor-widget-cz_stylish_list\" data-id=\"c6e9e21\" data-element_type=\"widget\" data-widget_type=\"cz_stylish_list.default\">\n\t\t\t\t<div class=\"elementor-widget-container\">\n\t\t\t\t\t<ul class=\"cz_stylish_list clr cz_sl_icon_hover_zoom_in\"><li class=\"elementor-repeater-item-891b169 clr\"><a href=\"#\"><div class=\"cz_sl_icon\"><i class=\"mr10 fa czico-193-checked\"><\/i><\/div><div><span>R\u00e9paration des Fissures et D\u00e9gradations<\/span><\/div><\/a><\/li><\/ul>\t\t\t\t<\/div>\n\t\t\t\t<\/div>\n\t\t\t\t<div class=\"elementor-element elementor-element-0f4b4ea elementor-widget elementor-widget-cz_stylish_list\" data-id=\"0f4b4ea\" data-element_type=\"widget\" data-widget_type=\"cz_stylish_list.default\">\n\t\t\t\t<div class=\"elementor-widget-container\">\n\t\t\t\t\t<ul class=\"cz_stylish_list clr cz_sl_icon_hover_zoom_in\"><li class=\"elementor-repeater-item-891b169 clr\"><a href=\"#\"><div class=\"cz_sl_icon\"><i class=\"mr10 fa czico-193-checked\"><\/i><\/div><div><span>Peinture et Finitions Personnalis\u00e9es<\/span><\/div><\/a><\/li><\/ul>\t\t\t\t<\/div>\n\t\t\t\t<\/div>\n\t\t\t\t<div class=\"elementor-element elementor-element-2c9cb1c elementor-widget elementor-widget-cz_stylish_list\" data-id=\"2c9cb1c\" data-element_type=\"widget\" data-widget_type=\"cz_stylish_list.default\">\n\t\t\t\t<div class=\"elementor-widget-container\">\n\t\t\t\t\t<ul class=\"cz_stylish_list clr cz_sl_icon_hover_zoom_in\"><li class=\"elementor-repeater-item-891b169 clr\"><a href=\"#\"><div class=\"cz_sl_icon\"><i class=\"mr10 fa czico-193-checked\"><\/i><\/div><div><span>Pose de Bardages Modernes<\/span><\/div><\/a><\/li><\/ul>\t\t\t\t<\/div>\n\t\t\t\t<\/div>\n\t\t\t\t<div class=\"elementor-element elementor-element-75197ea elementor-widget elementor-widget-cz_title\" data-id=\"75197ea\" data-element_type=\"widget\" data-widget_type=\"cz_title.default\">\n\t\t\t\t<div class=\"elementor-widget-container\">\n\t\t\t\t\t\t\n\t\t<div>\n\t\t\t<div class=\"cz_title clr cz_mobile_text_center cz_title_pos_inline\"><div class=\"cz_title_content\"><div class=\"cz_wpe_content\"><p data-start=\"218\" data-end=\"531\">Gr\u00e2ce \u00e0 une combinaison de techniques innovantes et de mat\u00e9riaux de haute qualit\u00e9, nous assurons un r\u00e9sultat durable, esth\u00e9tique et r\u00e9sistant aux conditions climatiques. Chaque intervention est r\u00e9alis\u00e9e avec soin pour pr\u00e9server le charme du b\u00e2ti tout en lui offrant une apparence moderne et soign\u00e9e. <\/p><\/div><\/div><\/div>\n\t\t<\/div>\n\t\t\n\t\t\t\t\t\t<\/div>\n\t\t\t\t<\/div>\n\t\t\t\t\t<\/div>\n\t\t<\/div>\n\t\t\t\t<div class=\"elementor-column elementor-col-50 elementor-top-column elementor-element elementor-element-a4758bf\" data-id=\"a4758bf\" data-element_type=\"column\">\n\t\t\t<div class=\"elementor-widget-wrap elementor-element-populated\">\n\t\t\t\t\t\t<div class=\"elementor-element elementor-element-9c83269 elementor-widget elementor-widget-image\" data-id=\"9c83269\" data-element_type=\"widget\" data-widget_type=\"image.default\">\n\t\t\t\t\t\t\t\t\t\t\t\t\t\t\t<img decoding=\"async\" width=\"1024\" height=\"682\" src=\"https:\/\/primeconstruction.webwaves.fr\/wp-content\/uploads\/2025\/11\/Embellissement-de-facade-2.webp\" class=\"attachment-large size-large wp-image-1751\" alt=\"\" srcset=\"https:\/\/primeconstruction.webwaves.fr\/wp-content\/uploads\/2025\/11\/Embellissement-de-facade-2.webp 1024w, https:\/\/primeconstruction.webwaves.fr\/wp-content\/uploads\/2025\/11\/Embellissement-de-facade-2-300x200.webp 300w, https:\/\/primeconstruction.webwaves.fr\/wp-content\/uploads\/2025\/11\/Embellissement-de-facade-2-768x512.webp 768w, https:\/\/primeconstruction.webwaves.fr\/wp-content\/uploads\/2025\/11\/Embellissement-de-facade-2-600x400.webp 600w\" sizes=\"(max-width: 1024px) 100vw, 1024px\" \/>\t\t\t\t\t\t\t\t\t\t\t\t\t\t\t<\/div>\n\t\t\t\t<div class=\"elementor-element elementor-element-cf3549e elementor-widget elementor-widget-image\" data-id=\"cf3549e\" data-element_type=\"widget\" data-widget_type=\"image.default\">\n\t\t\t\t\t\t\t\t\t\t\t\t\t\t\t<img decoding=\"async\" width=\"1024\" height=\"682\" src=\"https:\/\/primeconstruction.webwaves.fr\/wp-content\/uploads\/2025\/11\/Embellissement-de-facade-3-1024x682.webp\" class=\"attachment-large size-large wp-image-1754\" alt=\"\" srcset=\"https:\/\/primeconstruction.webwaves.fr\/wp-content\/uploads\/2025\/11\/Embellissement-de-facade-3-1024x682.webp 1024w, https:\/\/primeconstruction.webwaves.fr\/wp-content\/uploads\/2025\/11\/Embellissement-de-facade-3-300x200.webp 300w, https:\/\/primeconstruction.webwaves.fr\/wp-content\/uploads\/2025\/11\/Embellissement-de-facade-3-768x512.webp 768w, https:\/\/primeconstruction.webwaves.fr\/wp-content\/uploads\/2025\/11\/Embellissement-de-facade-3-1536x1024.webp 1536w, https:\/\/primeconstruction.webwaves.fr\/wp-content\/uploads\/2025\/11\/Embellissement-de-facade-3-2048x1365.webp 2048w, https:\/\/primeconstruction.webwaves.fr\/wp-content\/uploads\/2025\/11\/Embellissement-de-facade-3-600x400.webp 600w\" sizes=\"(max-width: 1024px) 100vw, 1024px\" \/>\t\t\t\t\t\t\t\t\t\t\t\t\t\t\t<\/div>\n\t\t\t\t\t<\/div>\n\t\t<\/div>\n\t\t\t\t\t<\/div>\n\t\t<\/section>\n\t\t\t\t<\/div>\n\t\t","protected":false},"excerpt":{"rendered":"<p>Ravalement de fa\u00e7ade Chez Prime Construction, nous redonnons vie \u00e0 vos fa\u00e7ades gr\u00e2ce \u00e0 des solutions de Ravalement sur mesure, &#8230; <a class=\"cz_readmore\" href=\"https:\/\/primeconstruction.webwaves.fr\/?portfolio=embellissement-de-facade\"><i class=\"fa fa-angle-right\" aria-hidden=\"true\"><\/i><span>Read More<\/span><\/a><\/p>\n","protected":false},"author":1,"featured_media":1695,"comment_status":"closed","ping_status":"closed","template":"elementor_header_footer","format":"standard","meta":[],"portfolio_cat":[157],"portfolio_tags":[],"class_list":["post-1694","portfolio","type-portfolio","status-publish","format-standard","has-post-thumbnail","hentry","portfolio_cat-ravalement-de-facade"],"_links":{"self":[{"href":"https:\/\/primeconstruction.webwaves.fr\/index.php?rest_route=\/wp\/v2\/portfolio\/1694","targetHints":{"allow":["GET"]}}],"collection":[{"href":"https:\/\/primeconstruction.webwaves.fr\/index.php?rest_route=\/wp\/v2\/portfolio"}],"about":[{"href":"https:\/\/primeconstruction.webwaves.fr\/index.php?rest_route=\/wp\/v2\/types\/portfolio"}],"author":[{"embeddable":true,"href":"https:\/\/primeconstruction.webwaves.fr\/index.php?rest_route=\/wp\/v2\/users\/1"}],"replies":[{"embeddable":true,"href":"https:\/\/primeconstruction.webwaves.fr\/index.php?rest_route=%2Fwp%2Fv2%2Fcomments&post=1694"}],"version-history":[{"count":16,"href":"https:\/\/primeconstruction.webwaves.fr\/index.php?rest_route=\/wp\/v2\/portfolio\/1694\/revisions"}],"predecessor-version":[{"id":2158,"href":"https:\/\/primeconstruction.webwaves.fr\/index.php?rest_route=\/wp\/v2\/portfolio\/1694\/revisions\/2158"}],"wp:featuredmedia":[{"embeddable":true,"href":"https:\/\/primeconstruction.webwaves.fr\/index.php?rest_route=\/wp\/v2\/media\/1695"}],"wp:attachment":[{"href":"https:\/\/primeconstruction.webwaves.fr\/index.php?rest_route=%2Fwp%2Fv2%2Fmedia&parent=1694"}],"wp:term":[{"taxonomy":"portfolio_cat","embeddable":true,"href":"https:\/\/primeconstruction.webwaves.fr\/index.php?rest_route=%2Fwp%2Fv2%2Fportfolio_cat&post=1694"},{"taxonomy":"portfolio_tags","embeddable":true,"href":"https:\/\/primeconstruction.webwaves.fr\/index.php?rest_route=%2Fwp%2Fv2%2Fportfolio_tags&post=1694"}],"curies":[{"name":"wp","href":"https:\/\/api.w.org\/{rel}","templated":true}]}}

Ravalement de façade

<div data-elementor-type="wp-post" data-elementor-id="1694" class="elementor elementor-1694">
						<section class="elementor-section elementor-top-section elementor-element elementor-element-4e190e0 elementor-section-stretched elementor-section-boxed elementor-section-height-default elementor-section-height-default" data-id="4e190e0" data-element_type="section" data-settings="{&quot;stretch_section&quot;:&quot;section-stretched&quot;,&quot;background_background&quot;:&quot;classic&quot;}">
						<div class="elementor-container elementor-column-gap-default">
					<div class="elementor-column elementor-col-100 elementor-top-column elementor-element elementor-element-0a52458" data-id="0a52458" data-element_type="column">
			<div class="elementor-widget-wrap elementor-element-populated">
						<div class="elementor-element elementor-element-b3002fe elementor-widget elementor-widget-cz_animated_text" data-id="b3002fe" data-element_type="widget" data-widget_type="cz_animated_text.default">
				<div class="elementor-widget-container">
					
		<h2 data-time="3000" class="cz_headline letters type">

			<span class="cz_before_text">
				Ravalement	
			</span>

			<span class="cz_words-wrapper"> 

				<b class="is-visible">de façade</b>
			</span>

			<span class="cz_after_text">
							</span>

		</h2>

						</div>
				</div>
					</div>
		</div>
					</div>
		</section>
				<section class="elementor-section elementor-top-section elementor-element elementor-element-dc9fe05 elementor-section-boxed elementor-section-height-default elementor-section-height-default" data-id="dc9fe05" data-element_type="section">
						<div class="elementor-container elementor-column-gap-default">
					<div class="elementor-column elementor-col-100 elementor-top-column elementor-element elementor-element-1f06050" data-id="1f06050" data-element_type="column">
			<div class="elementor-widget-wrap elementor-element-populated">
						<div class="elementor-element elementor-element-38063df elementor-widget elementor-widget-image" data-id="38063df" data-element_type="widget" data-widget_type="image.default">
															<img fetchpriority="high" decoding="async" width="1024" height="332" src="https://primeconstruction.webwaves.fr/wp-content/uploads/2025/11/Embellissement-de-facade-1-1024x332.webp" class="attachment-large size-large wp-image-1750" alt="" srcset="https://primeconstruction.webwaves.fr/wp-content/uploads/2025/11/Embellissement-de-facade-1-1024x332.webp 1024w, https://primeconstruction.webwaves.fr/wp-content/uploads/2025/11/Embellissement-de-facade-1-300x97.webp 300w, https://primeconstruction.webwaves.fr/wp-content/uploads/2025/11/Embellissement-de-facade-1-768x249.webp 768w, https://primeconstruction.webwaves.fr/wp-content/uploads/2025/11/Embellissement-de-facade-1-1536x498.webp 1536w, https://primeconstruction.webwaves.fr/wp-content/uploads/2025/11/Embellissement-de-facade-1-600x194.webp 600w, https://primeconstruction.webwaves.fr/wp-content/uploads/2025/11/Embellissement-de-facade-1.webp 1919w" sizes="(max-width: 1024px) 100vw, 1024px" />															</div>
					</div>
		</div>
					</div>
		</section>
				<section class="elementor-section elementor-top-section elementor-element elementor-element-d8ab957 elementor-section-boxed elementor-section-height-default elementor-section-height-default" data-id="d8ab957" data-element_type="section">
						<div class="elementor-container elementor-column-gap-default">
					<div class="elementor-column elementor-col-50 elementor-top-column elementor-element elementor-element-d550a0a" data-id="d550a0a" data-element_type="column">
			<div class="elementor-widget-wrap elementor-element-populated">
						<div class="elementor-element elementor-element-50358eb elementor-widget elementor-widget-cz_title" data-id="50358eb" data-element_type="widget" data-widget_type="cz_title.default">
				<div class="elementor-widget-container">
						
		<div>
			<div class="cz_title clr cz_mobile_text_center cz_title_pos_inline"><div class="cz_title_content"><div class="cz_wpe_content"><p data-start="218" data-end="531">Chez Prime Construction, nous redonnons vie à vos façades grâce à des solutions de Ravalement sur mesure, alliant esthétique, protection et durabilité.
Votre façade est le premier reflet de votre bâtiment — qu’il s’agisse d’une maison, d’une villa ou d’un local professionnel — c’est pourquoi nous mettons tout notre savoir-faire au service de sa valorisation.</p>
Nos équipes interviennent sur tous types de surfaces et de matériaux : enduit, pierre, brique, béton, ou encore bardage moderne.
Nous analysons l’état de la façade, traitons les imperfections et proposons les finitions les plus adaptées à vos besoins et à votre style architectural.

Nos prestations comprennent :</div></div></div>
		</div>
		
						</div>
				</div>
				<div class="elementor-element elementor-element-98e95e3 elementor-widget elementor-widget-cz_stylish_list" data-id="98e95e3" data-element_type="widget" data-widget_type="cz_stylish_list.default">
				<div class="elementor-widget-container">
					<ul class="cz_stylish_list clr cz_sl_icon_hover_zoom_in"><li class="elementor-repeater-item-891b169 clr"><a href="#"><div class="cz_sl_icon"><i class="mr10 fa czico-193-checked"></i></div><div><span>Nettoyage et Préparation des Surfaces</span></div></a></li></ul>				</div>
				</div>
				<div class="elementor-element elementor-element-c6e9e21 elementor-widget elementor-widget-cz_stylish_list" data-id="c6e9e21" data-element_type="widget" data-widget_type="cz_stylish_list.default">
				<div class="elementor-widget-container">
					<ul class="cz_stylish_list clr cz_sl_icon_hover_zoom_in"><li class="elementor-repeater-item-891b169 clr"><a href="#"><div class="cz_sl_icon"><i class="mr10 fa czico-193-checked"></i></div><div><span>Réparation des Fissures et Dégradations</span></div></a></li></ul>				</div>
				</div>
				<div class="elementor-element elementor-element-0f4b4ea elementor-widget elementor-widget-cz_stylish_list" data-id="0f4b4ea" data-element_type="widget" data-widget_type="cz_stylish_list.default">
				<div class="elementor-widget-container">
					<ul class="cz_stylish_list clr cz_sl_icon_hover_zoom_in"><li class="elementor-repeater-item-891b169 clr"><a href="#"><div class="cz_sl_icon"><i class="mr10 fa czico-193-checked"></i></div><div><span>Peinture et Finitions Personnalisées</span></div></a></li></ul>				</div>
				</div>
				<div class="elementor-element elementor-element-2c9cb1c elementor-widget elementor-widget-cz_stylish_list" data-id="2c9cb1c" data-element_type="widget" data-widget_type="cz_stylish_list.default">
				<div class="elementor-widget-container">
					<ul class="cz_stylish_list clr cz_sl_icon_hover_zoom_in"><li class="elementor-repeater-item-891b169 clr"><a href="#"><div class="cz_sl_icon"><i class="mr10 fa czico-193-checked"></i></div><div><span>Pose de Bardages Modernes</span></div></a></li></ul>				</div>
				</div>
				<div class="elementor-element elementor-element-75197ea elementor-widget elementor-widget-cz_title" data-id="75197ea" data-element_type="widget" data-widget_type="cz_title.default">
				<div class="elementor-widget-container">
						
		<div>
			<div class="cz_title clr cz_mobile_text_center cz_title_pos_inline"><div class="cz_title_content"><div class="cz_wpe_content"><p data-start="218" data-end="531">Grâce à une combinaison de techniques innovantes et de matériaux de haute qualité, nous assurons un résultat durable, esthétique et résistant aux conditions climatiques. Chaque intervention est réalisée avec soin pour préserver le charme du bâti tout en lui offrant une apparence moderne et soignée. </p></div></div></div>
		</div>
		
						</div>
				</div>
					</div>
		</div>
				<div class="elementor-column elementor-col-50 elementor-top-column elementor-element elementor-element-a4758bf" data-id="a4758bf" data-element_type="column">
			<div class="elementor-widget-wrap elementor-element-populated">
						<div class="elementor-element elementor-element-9c83269 elementor-widget elementor-widget-image" data-id="9c83269" data-element_type="widget" data-widget_type="image.default">
															<img decoding="async" width="1024" height="682" src="https://primeconstruction.webwaves.fr/wp-content/uploads/2025/11/Embellissement-de-facade-2.webp" class="attachment-large size-large wp-image-1751" alt="" srcset="https://primeconstruction.webwaves.fr/wp-content/uploads/2025/11/Embellissement-de-facade-2.webp 1024w, https://primeconstruction.webwaves.fr/wp-content/uploads/2025/11/Embellissement-de-facade-2-300x200.webp 300w, https://primeconstruction.webwaves.fr/wp-content/uploads/2025/11/Embellissement-de-facade-2-768x512.webp 768w, https://primeconstruction.webwaves.fr/wp-content/uploads/2025/11/Embellissement-de-facade-2-600x400.webp 600w" sizes="(max-width: 1024px) 100vw, 1024px" />															</div>
				<div class="elementor-element elementor-element-cf3549e elementor-widget elementor-widget-image" data-id="cf3549e" data-element_type="widget" data-widget_type="image.default">
															<img decoding="async" width="1024" height="682" src="https://primeconstruction.webwaves.fr/wp-content/uploads/2025/11/Embellissement-de-facade-3-1024x682.webp" class="attachment-large size-large wp-image-1754" alt="" srcset="https://primeconstruction.webwaves.fr/wp-content/uploads/2025/11/Embellissement-de-facade-3-1024x682.webp 1024w, https://primeconstruction.webwaves.fr/wp-content/uploads/2025/11/Embellissement-de-facade-3-300x200.webp 300w, https://primeconstruction.webwaves.fr/wp-content/uploads/2025/11/Embellissement-de-facade-3-768x512.webp 768w, https://primeconstruction.webwaves.fr/wp-content/uploads/2025/11/Embellissement-de-facade-3-1536x1024.webp 1536w, https://primeconstruction.webwaves.fr/wp-content/uploads/2025/11/Embellissement-de-facade-3-2048x1365.webp 2048w, https://primeconstruction.webwaves.fr/wp-content/uploads/2025/11/Embellissement-de-facade-3-600x400.webp 600w" sizes="(max-width: 1024px) 100vw, 1024px" />															</div>
					</div>
		</div>
					</div>
		</section>
				</div>

<p>Ravalement de façade Chez Prime Construction, nous redonnons vie à vos façades grâce à des solutions de Ravalement sur mesure, &#8230; <a class="cz_readmore" href="https://primeconstruction.webwaves.fr/?portfolio=embellissement-de-facade"><i class="fa fa-angle-right" aria-hidden="true"></i><span>Read More</span></a></p>
